{"id":3,"date":"2024-11-15T12:27:41","date_gmt":"2024-11-15T11:27:41","guid":{"rendered":"https:\/\/glassur.fr\/?page_id=3"},"modified":"2024-12-18T12:23:34","modified_gmt":"2024-12-18T11:23:34","slug":"politique-de-confidentialite","status":"publish","type":"page","link":"https:\/\/glassur.fr\/?page_id=3","title":{"rendered":"Politique de confidentialit\u00e9"},"content":{"rendered":"\n<h2 class=\"wp-block-heading\"><\/h2>\n\n\n\n<p>GLA s&rsquo;engage \u00e0 prot\u00e9ger la confidentialit\u00e9 de vos donn\u00e9es personnelles en accord avec le R\u00e8glement G\u00e9n\u00e9ral sur la Protection des Donn\u00e9es (RGPD).<\/p>\n\n\n\n<p><\/p>\n\n\n\n<h2 class=\"wp-block-heading\">1. Objectif de la Politique de Confidentialit\u00e9<\/h2>\n\n\n\n<p><\/p>\n\n\n\n<p>Cette politique vous informe sur la collecte, l&rsquo;utilisation, et la protection de vos donn\u00e9es personnelles.<\/p>\n\n\n\n<p><\/p>\n\n\n\n<h2 class=\"wp-block-heading\">2. Public Concern\u00e9<\/h2>\n\n\n\n<p>Elle s&rsquo;applique aux utilisateurs de&nbsp;<a href=\"http:\/\/www.glassur.fr\/\" target=\"_blank\" rel=\"noreferrer noopener\">www.glassur.fr<\/a>. Si vous \u00eates mineur, vous devez obtenir le consentement explicite d&rsquo;un parent ou d&rsquo;un tuteur, \u00e0 envoyer \u00e0&nbsp;<a href=\"mailto:DPO@glassur.fr\" target=\"_blank\" rel=\"noreferrer noopener\">DPO@glassur.fr<\/a>.<\/p>\n\n\n\n<p><\/p>\n\n\n\n<h2 class=\"wp-block-heading\">3. Finalit\u00e9s du Traitement des Donn\u00e9es<\/h2>\n\n\n\n<p>Les donn\u00e9es collect\u00e9es sont utilis\u00e9es pour :<\/p>\n\n\n\n<p>\u2022&nbsp;&nbsp;&nbsp;&nbsp;&nbsp;&nbsp;&nbsp;&nbsp;&nbsp;&nbsp;&nbsp;&nbsp; Fourniture des services : navigation sur le site, gestion des demandes.<\/p>\n\n\n\n<p>\u2022&nbsp;&nbsp;&nbsp;&nbsp;&nbsp;&nbsp;&nbsp;&nbsp;&nbsp;&nbsp;&nbsp;&nbsp; Envoi d&rsquo;informations commerciales : sur consentement ou int\u00e9r\u00eat l\u00e9gitime.<\/p>\n\n\n\n<p>\u2022&nbsp;&nbsp;&nbsp;&nbsp;&nbsp;&nbsp;&nbsp;&nbsp;&nbsp;&nbsp;&nbsp;&nbsp; Service client : gestion des r\u00e9clamations.<\/p>\n\n\n\n<p>\u2022&nbsp;&nbsp;&nbsp;&nbsp;&nbsp;&nbsp;&nbsp;&nbsp;&nbsp;&nbsp;&nbsp;&nbsp; Am\u00e9lioration des services : enqu\u00eates de satisfaction.<\/p>\n\n\n\n<p>\u2022&nbsp;&nbsp;&nbsp;&nbsp;&nbsp;&nbsp;&nbsp;&nbsp;&nbsp;&nbsp;&nbsp;&nbsp; Interaction sur les r\u00e9seaux sociaux : gestion des pages sociales.<\/p>\n\n\n\n<p>\u2022&nbsp;&nbsp;&nbsp;&nbsp;&nbsp;&nbsp;&nbsp;&nbsp;&nbsp;&nbsp;&nbsp;&nbsp; Recrutement : traitement des candidatures.<\/p>\n\n\n\n<p><\/p>\n\n\n\n<h2 class=\"wp-block-heading\">4. Sources et M\u00e9thodes de Collecte<\/h2>\n\n\n\n<p>Les donn\u00e9es sont principalement collect\u00e9es aupr\u00e8s de vous. Dans certains cas, elles peuvent provenir de partenaires, avec votre consentement.<\/p>\n\n\n\n<p><\/p>\n\n\n\n<h2 class=\"wp-block-heading\">5. Types de Donn\u00e9es Collect\u00e9es et Dur\u00e9e de Conservation<\/h2>\n\n\n\n<p>Les cat\u00e9gories de donn\u00e9es et leur conservation sont les suivantes :<\/p>\n\n\n\n<p>\u2022&nbsp;&nbsp;&nbsp;&nbsp;&nbsp;&nbsp;&nbsp;&nbsp;&nbsp;&nbsp;&nbsp;&nbsp; Donn\u00e9es personnelles (nom, pr\u00e9nom, etc.) : conserv\u00e9es 5 ans apr\u00e8s la fin de la prestation.<\/p>\n\n\n\n<p>\u2022&nbsp;&nbsp;&nbsp;&nbsp;&nbsp;&nbsp;&nbsp;&nbsp;&nbsp;&nbsp;&nbsp;&nbsp; Donn\u00e9es financi\u00e8res (compte bancaire, etc.) : conserv\u00e9es entre 5 et 10 ans pour les obligations l\u00e9gales.<\/p>\n\n\n\n<p>\u2022&nbsp;&nbsp;&nbsp;&nbsp;&nbsp;&nbsp;&nbsp;&nbsp;&nbsp;&nbsp;&nbsp;&nbsp; Coordonn\u00e9es t\u00e9l\u00e9phoniques : utilis\u00e9es jusqu&rsquo;\u00e0 3 ans apr\u00e8s le dernier contact.<\/p>\n\n\n\n<p>\u2022&nbsp;&nbsp;&nbsp;&nbsp;&nbsp;&nbsp;&nbsp;&nbsp;&nbsp;&nbsp;&nbsp;&nbsp; Candidatures : conserv\u00e9es pendant 2 ans apr\u00e8s le recrutement.<\/p>\n\n\n\n<p>\u2022&nbsp;&nbsp;&nbsp;&nbsp;&nbsp;&nbsp;&nbsp;&nbsp;&nbsp;&nbsp;&nbsp;&nbsp; Logs de connexion : conserv\u00e9s 1 an.<\/p>\n\n\n\n<p>\u2022&nbsp;&nbsp;&nbsp;&nbsp;&nbsp;&nbsp;&nbsp;&nbsp;&nbsp;&nbsp;&nbsp;&nbsp; Cookies : stock\u00e9s jusqu&rsquo;\u00e0 13 mois.<\/p>\n\n\n\n<p><\/p>\n\n\n\n<h2 class=\"wp-block-heading\">6. Droits sur les Donn\u00e9es Personnelles<\/h2>\n\n\n\n<p>Vous pouvez exercer les droits suivants :<\/p>\n\n\n\n<p>\u2022&nbsp;&nbsp;&nbsp;&nbsp;&nbsp;&nbsp;&nbsp;&nbsp;&nbsp;&nbsp;&nbsp;&nbsp; Acc\u00e8s : obtenir une copie de vos donn\u00e9es.<\/p>\n\n\n\n<p>\u2022&nbsp;&nbsp;&nbsp;&nbsp;&nbsp;&nbsp;&nbsp;&nbsp;&nbsp;&nbsp;&nbsp;&nbsp; Rectification : corriger les informations incorrectes.<\/p>\n\n\n\n<p>\u2022&nbsp;&nbsp;&nbsp;&nbsp;&nbsp;&nbsp;&nbsp;&nbsp;&nbsp;&nbsp;&nbsp;&nbsp; Opposition : refuser certains traitements.<\/p>\n\n\n\n<p>\u2022&nbsp;&nbsp;&nbsp;&nbsp;&nbsp;&nbsp;&nbsp;&nbsp;&nbsp;&nbsp;&nbsp;&nbsp; Effacement : demander la suppression des donn\u00e9es non essentielles.<\/p>\n\n\n\n<p>\u2022&nbsp;&nbsp;&nbsp;&nbsp;&nbsp;&nbsp;&nbsp;&nbsp;&nbsp;&nbsp;&nbsp;&nbsp; Limitation : restreindre l&rsquo;utilisation des donn\u00e9es.<\/p>\n\n\n\n<p>\u2022&nbsp;&nbsp;&nbsp;&nbsp;&nbsp;&nbsp;&nbsp;&nbsp;&nbsp;&nbsp;&nbsp;&nbsp; Portabilit\u00e9 : r\u00e9cup\u00e9rer les donn\u00e9es sous un format r\u00e9utilisable.<\/p>\n\n\n\n<p>Les demandes doivent \u00eatre adress\u00e9es \u00e0&nbsp;<a href=\"mailto:DLPD@xglassur.fr\" target=\"_blank\" rel=\"noreferrer noopener\">DLPD@xglassur.fr<\/a>.<\/p>\n\n\n\n<p><\/p>\n\n\n\n<h2 class=\"wp-block-heading\">7. Partage et Transmission des Donn\u00e9es<\/h2>\n\n\n\n<p>Les donn\u00e9es sont accessibles uniquement aux membres de notre \u00e9quipe et aux prestataires impliqu\u00e9s dans les services fournis. Elles peuvent \u00eatre partag\u00e9es avec des partenaires assureurs dans le respect de la r\u00e9glementation.<\/p>\n\n\n\n<p><\/p>\n\n\n\n<h2 class=\"wp-block-heading\">8. Transfert de Donn\u00e9es Hors de l&rsquo;Union Europ\u00e9enne<\/h2>\n\n\n\n<p>Les donn\u00e9es sont h\u00e9berg\u00e9es au sein de l&rsquo;Union Europ\u00e9enne, mais peuvent \u00eatre accessibles par le personnel de la soci\u00e9t\u00e9 exclusivement au Maroc.<\/p>\n\n\n\n<p><\/p>\n\n\n\n<h2 class=\"wp-block-heading\">9. S\u00e9curit\u00e9 des Donn\u00e9es<\/h2>\n\n\n\n<p>GLA adopte des mesures pour prot\u00e9ger vos donn\u00e9es contre les risques de perte, d&rsquo;alt\u00e9ration ou de divulgation non autoris\u00e9e.<\/p>\n\n\n\n<p><\/p>\n\n\n\n<h2 class=\"wp-block-heading\">10. Utilisation des Cookies<\/h2>\n\n\n\n<p>Les cookies sont utilis\u00e9s pour personnaliser votre navigation et am\u00e9liorer les services. Consultez notre Politique des Cookies pour plus d&rsquo;informations.<\/p>\n\n\n\n<p><\/p>\n\n\n\n<h2 class=\"wp-block-heading\">11. Contact pour Informations Suppl\u00e9mentaires<\/h2>\n\n\n\n<p>Pour toute question sur la gestion des donn\u00e9es, contactez notre D\u00e9l\u00e9gu\u00e9 \u00e0 la Protection des Donn\u00e9es \u00e0 DLPD @<a href=\"http:\/\/glassur.fr\/\" target=\"_blank\" rel=\"noreferrer noopener\">glassur.fr<\/a>.<\/p>\n\n\n\n<p><\/p>\n\n\n\n<h2 class=\"wp-block-heading\">12. Recours en Cas de Litige<\/h2>\n\n\n\n<p>En cas de d\u00e9saccord sur l&rsquo;utilisation de vos donn\u00e9es, vous pouvez saisir la CNIL.<\/p>\n\n\n\n<p><\/p>\n\n\n\n<h2 class=\"wp-block-heading\">13. Mise \u00e0 Jour de la Politique<\/h2>\n\n\n\n<p>La pr\u00e9sente politique est susceptible d&rsquo;\u00e9voluer en fonction des changements l\u00e9gislatifs ou des nouvelles pratiques en mati\u00e8re de traitement des donn\u00e9es.<\/p>\n","protected":false},"excerpt":{"rendered":"<p>GLA s&rsquo;engage \u00e0 prot\u00e9ger la confidentialit\u00e9 de vos donn\u00e9es personnelles en accord avec le R\u00e8glement G\u00e9n\u00e9ral sur la Protection des Donn\u00e9es (RGPD). 1. Objectif de la Politique de Confidentialit\u00e9 Cette politique vous informe sur la collecte, l&rsquo;utilisation, et la protection de vos donn\u00e9es personnelles. 2. Public Concern\u00e9 Elle s&rsquo;applique aux utilisateurs de&nbsp;www.glassur.fr. Si vous \u00eates [&hellip;]<\/p>\n","protected":false},"author":1,"featured_media":0,"parent":0,"menu_order":0,"comment_status":"closed","ping_status":"open","template":"","meta":{"footnotes":""},"class_list":["post-3","page","type-page","status-publish","hentry"],"_links":{"self":[{"href":"https:\/\/glassur.fr\/index.php?rest_route=\/wp\/v2\/pages\/3","targetHints":{"allow":["GET"]}}],"collection":[{"href":"https:\/\/glassur.fr\/index.php?rest_route=\/wp\/v2\/pages"}],"about":[{"href":"https:\/\/glassur.fr\/index.php?rest_route=\/wp\/v2\/types\/page"}],"author":[{"embeddable":true,"href":"https:\/\/glassur.fr\/index.php?rest_route=\/wp\/v2\/users\/1"}],"replies":[{"embeddable":true,"href":"https:\/\/glassur.fr\/index.php?rest_route=%2Fwp%2Fv2%2Fcomments&post=3"}],"version-history":[{"count":1,"href":"https:\/\/glassur.fr\/index.php?rest_route=\/wp\/v2\/pages\/3\/revisions"}],"predecessor-version":[{"id":135,"href":"https:\/\/glassur.fr\/index.php?rest_route=\/wp\/v2\/pages\/3\/revisions\/135"}],"wp:attachment":[{"href":"https:\/\/glassur.fr\/index.php?rest_route=%2Fwp%2Fv2%2Fmedia&parent=3"}],"curies":[{"name":"wp","href":"https:\/\/api.w.org\/{rel}","templated":true}]}}